41 + -32 - -8
-67
Calculate 3 + -19 + (23 - 16) - -13 - (-5 + 10).
-1
Calculate (99 - 96) + -25 + 1 - -2.
-19
Calculate -102 + (196 - 51) - 94.
-51
What is (-2 - 8 - (-12 + -32 + 27)) + 13 - -11?
31
What is the value of (-85 - -17 - -15) + -13 + 35?
-31
Calculate -437 + 442 - (2 + 17).
-14
What is the value of (-21 + 23 - 1) + (1 - 0) + 8?
10
Evaluate -5 + (7 - 11) - -37.
28
What is 236 - (161 + (111 - 163))?
127
Calculate (22 - (32 + -89)) + -48.
31
What is (-1 - 10) + (22 - -7) + -7 + (34 - 0)?
45
What is -1362 - -1366 - (65 + -2 + -1) - (-5 - -2)?
-55
What is the value of -9 + 10 + 8 + 9 + (-25 - 13)?
-20
-1810 + 1681 + 1 + 133
5
Evaluate (9 + -9 - (2 - 12)) + (-23 - (-31 + 17)).
1
-64 - (-7 + 9 + -1 + 9 + 11 - 11)
-74
What is the value of -86 - (-7 - -8 - (-10 + -6 + (-7 - -26)))?
-84
What is the value of 94 - (-107 - -188 - -9)?
4
Calculate (117 - 123 - -30) + (0 - -1 - -9).
34
What is (0 + -19 - (-79 - -70)) + 64 + -11?
43
(-17 - (6 + -9) - -28) + -22 + 102
94
-1 - (-1 - -37) - (-19 - (27 + 38 + -82))
-35
What is the value of (387 - 380) + -19 + -3 - (84 - 3)?
-96
What is the value of 82 - (-81 + 36 - -95)?
32
Calculate (52 + 72 - 123) + (6 - (1 - 2)).
8
Evaluate -12 + (-41 - -46) + -36 + 49.
6
What is 29 + 3 - (-1252 + 1298)?
-14
202 + -220 + (-7 - (6 - 12))
-19
Evaluate -10 - (55 - 90) - 16.
9
What is the value of (1 - 1) + -12 + -4 + -14 + -10 + 16?
-24
Evaluate (67 - 1) + -61 + 3 + 9.
17
Calculate -313 + 300 + (-16 - 6).
-35
Evaluate -3127 + 3150 - (1 - -139).
-117
13 + -25 + (-13 - 5) - -21
-9
What is 100 + 30 + (114 - 162)?
82
Calculate -54 + 64 + -33 + 33.
10
44 - (-37 + 89 - -36)
-44
Evaluate 6 + 21 + (-10 + 16 - 42).
-9
Calculate -169 - (82 - 147) - -76.
-28
Evaluate (-1 - -163) + -9104 + 8993.
51
Evaluate 1675 + -1687 + 2 + -3 + 0 + -37.
-50
Calculate 16 - 1 - (-21 + (-35 - -82)) - 16.
-27
(-17 - 0 - (-384 + 369)) + (-1 - -67)
64
Evaluate -1 - (-18 + 20 - 30 - -16 - 64).
75
Calculate ((0 - -5) + -6 - -1) + (-7 - -14 - -3).
10
Evaluate (-36 - (-183 - -124)) + 72.
95
Calculate (815 - 828) + ((-2 - (-3 - -3)) + 3 - -6).
-6
-5010 + 4809 - (-100 + 1)
-102
Calculate -703 - -774 - (-16 + 159).
-72
86 + (-36 - -25) + -30
45
Evaluate -41 + -1 + -1 - (-1 + -6 - -7 - -1).
-44
Calculate (-48 - 8) + (90 - 95) + (19 - -1).
-41
What is (-6 - (-102 - -114)) + -1 + (0 - (-2 + 2))?
-19
What is (7 - (7 - (-12 + 2 + -9 + 17))) + -69?
-71
Evaluate (0 - 5) + (-211 - -225) - (17 - 13).
5
What is the value of -61 + 50 + -2 + 5 + (4 - 13) + -5?
-22
What is the value of -1 + -23 + 17 + -58 + 12?
-53
53 - 53 - (48 - 4 - (-7 + 9))
-42
Calculate 1 + 4 + (1 - 0) - (121 - 137).
22
What is -5 + -2 - (0 + (-10 - (10 + -8 - 7)))?
-2
(-21 - 0) + (256 - 261) + 39 - (1 - -2)
10
Evaluate 11 - 7 - (-3 - ((1 - -3) + 11 + 5)).
27
171 + -218 - ((1 + 1 - 1) + -1 + 5)
-52
Calculate 80 - (130 - 26) - (19 + -4).
-39
What is the value of -49 + -67 + 186 + -8?
62
What is -6 + 11 + (-6 - 5) + 12?
6
What is the value of (40 - (60 - 74)) + -121?
-67
What is the value of 14 + -89 + 94 + (-10 - 0) - (-28 + 2)?
35
Evaluate (2 - (-4 + 15 + -5 + -27)) + 6.
29
Calculate 34 - (-9 + 1 + (35 + -50 - -26)).
31
What is 2 + 19 + -104 + -26 + 19?
-90
What is the value of -5 + 21 - -5 - 19 - -1?
3
Evaluate -106 - -87 - (3 + -8 + -13).
-1
What is 11 - (14 + (-5 - -14) + -65)?
53
1 + 129 - (24 - (-49 - (-122 - -45)))
134
What is -4 + 55 + -22 - -6?
35
Calculate 0 - 7 - (-116 + (8 - 0) + (688 - 667)).
80
What is the value of 2 - (1 + 8 + 6) - (-5 - 12 - -28)?
-24
Calculate 0 + -7 + 22 + -261 + 287.
41
What is the value of -52 + 3 + 44 + 12?
7
(7 - -18) + -28 + (9 - 99) + -2
-95
What is the value of -7 - ((6 - (-16 + 25)) + -10 - 43)?
49
Evaluate -4 + -9 + 7 - (-24 + 21 + -21).
18
Evaluate 1 - 71 - ((-39 - -13) + 20 - 0).
-64
What is (2 - 5) + 17 + 9 + -15?
8
What is -3 + 2 - (3 + 6 + -6 + -19)?
15
What is -4 - -30 - (48 + 33 + -106)?
51
Calculate 55 + (-107 - -100) - 125.
-77
What is the value of (-359 - -357) + -19 + -1 - -103?
81
What is (-8 - (16 + -5 - 28 - 0 - -9)) + -41?
-41
Calculate (-2 - -8) + -19 + -34 + (22 - 38).
-63
(-2 + -1 + 6 - (28 + 17 + -34)) + -7
-15
Evaluate -3 + -58 + 8 - -71.
18
Evaluate -1 + (-9 - -19 - -6) - (5 + -18).
28
What is (5 + -16 - 3) + (-362 - -250 - (1 - 18))?
-109
(-47 - -117 - 69) + (-64 + 2 - (3 + -3))
-61
Evaluate 1 + 1 + (4 + 15 - (-140 + 206)).
-45
What is the value of (6 - 11 - (5 - (-28 + 3))) + 3?
-32
Evaluate 8 + (45 - 4) + -70.
-21
Evaluate (-3 - -2 - 4) + 52 + -29 + 46.
64
What is the value of -191 + 385 + -161 - ((1 - 0) + -5)?
37
Evaluate ((1 - (12 + -13)) + -10 - 1) + 1 + 45.
37
(-19 + 2 - (-259 - -237) - -4) + -111 + -1
-103
What is -7546 - -7581 - (-3 + 72)?
-34
Calculate -1 + -325 + 307 + (17 - -2).
0
What is the value of 23 - (-57 - (-34 - -5))?
51
(105 - 197) + 57 - (0 + -2 - -4) - -13
-24
Evaluate 37 + (100 - (171 + 15)).
-49
1 + -2 - -42 - (-5317 - -5334)
24
13 + (9 - 1 - (42 + -51) - 81)
-51
(0 + 3 + -21 - (-100 - -204)) + -3
-125
Evaluate 15 - (8 + -24 + 21 + -23 + 0).
33
What is the value of 17 - -1 - (-18 + 24)?
12
Evaluate -3049 - -3057 - (7 + -1).
2
1 + 14 + (29 + -53 - (-45 - -8))
28
What is the value of 51 + (26 - 31) + -26?
20
Calculate -49 - (3 - (29 + -9) - (-15 - 1)).
-48
Evaluate (-57 + -220 - -301) + -1 + -52.
-29
What is the value of -27 + -6 + 1 + -5 + (13 - 8) + 11?
-21
Calculate -621 - -568 - (-52 - 0).
-1
Calculate (108 - 2) + 977 + -1136.
-53
Evaluate -1 - (-2 - -1) - (405 - 440 - (-4 - 0)).
31
What is 48 + -15 + -5 + -31?
-3
Evaluate -5 + (60 - -11) + (121 - 117).
70
0 - (11 + 1) - (-95 - (60 + -13 + -40))
90
Evaluate (-4 - 7) + (27 - (-8 + 4 + -1)).
21
Calculate (18 - (-18 - -60) - (-2 - 11)) + -50.
-61
-45 + 138 + -96 + 45
42
Calculate 0 + -45 - (-8 + 74 + -78 + -3).
-30
What is the value of 74472 - 74448 - (2 + -1 + 31)?
-8
Evaluate (10 - (-60 - -102)) + 65.
33
What is the value of 6 + ((-4 - -12) + -2 - (8 + (0 - -1)))?
3
-59 + 1 + (40 - (23 - 5)) + (-22 - -4)
-54
(-3 + 3 - -12) + -16 + -11
-15
What is the value of 3 + (-2 - 3) + 2 + 39 + -1 + 11?
49
What is the value of -103 + (-2 - -4) + (55 - (-67 + 102))?
-81
57 + -39 + 4 + -73
-51
15 + (-8 - -2) + (-24 - (-2 + -4 + 10))
-19
What is the value of -82 + 38 + (13 - (16 - -7))?
-54
What is (-4 - -1) + (-51 - 6) - (34 + 9 + -47)?
-56
Calculate 42 + (47 - 61) - -6.
34
(-34 - -50) + 124 + -49
91
What is the value of (-39 - -53) + 35 - 94?
-45
(-10 - (-3 + -4 - 15) - -11) + -12
11
What is the value of -56 + 7 + -1 + 29?
-21
Calculate 9 - (-45 + 106 - (-4 - 0 - 3) - 11).
-48
(14 - 1) + 26 + -44 + 42
37
What is 9 - (-96 - (-29 + -5))?
71
(22 - (-4 + 25 - 2)) + 1 + -13
-9
Evaluate 23 - 0 - (46 + 50 + -3).
-70
What is the value of (-122 - -189) + 6 + -17 + 10 + -2 + 12?
76
What is 369 + -346 - (22 + 5)?
-4
(-11 + 51 + -30 - (-6 + 2)) + -77 - 9
-72
Evaluate 1 - 20 - (-153 - (69 + -169)).
34
Evaluate (29 - -23) + 26 - 49.
29
70 + (-1 - 2) + 92 + -45 + -54
60
Calculate -12 - (30 + -73 - -60).
-29
(6 - 4) + 4 - 17 - (10 + -22 + -12)
13
-47 + 49 + 6 + -28 + 7
-13
What is 60 - 51 - (-11 - -20 - 19)?
19
-136 - -24 - -57 - -93
38
Evaluate -145 - (-85 + (108 - 133)).
-35
Calculate -18 - (-12 - (40 + 1)).
35
What is the value of -2 + 37 + -41 + -3?
-9
What is the value of 1096 + -1087 + (-54 + 1 + -1 + -2 - -2)?
-45
-37 + (-28 - (-94 + 1))
28
Calculate 6 - (-7 - -1) - (15 + 10 + 1) - 47.
-61
What is (-61 - -1) + (44 - (23 + -12)) + -15?
-42
Evaluate (-34 - 38 - -44) + 75.
47
What is 21 - (-16 + 30) - 8 - (6 + 9)?
-16
Calculate -74 - (28 - ((18 - -2) + -5)).
-87
Evaluate 12 - (7 - (-2 + 5) - (4 + -12)).
0
What is 64 + (34 + -25 - (20 + 0) - (-4 + -5))?
62
Evaluate (1821 - 1876) + 40 + -4.
-19
What is the value of -11 + (21 + 4 + -25 - 10)?
-21
What is the value of (92 - -54) + -91 + -54?
1
Calculate -40 - (-7 + -31 + 29 - -29).
-60
What is -17 - (65 + -67) - (7 + -1) - -13?
-8
Calculate 39 + -44 + -4 + -1 + (583 - 545).
28
What is 67 + (-55 - -37) + 2?
51
-7 + 59 + (-8 - (-19 + 7 + 15))
41
Calculate 8 - (-21 + (-57 - -12) + 2 + 3 + -3).
72
What is -59 + 24 - -13 - -32?
10
3 + -11 + (-21 - -34) - (7 + -111)
109
What is the value of -39 - ((-2 - -3) + (38 - 52))?
-26
-43 + 38 - (-25 + 57 + 17)
-54
Evaluate -22 + -1 + -30 + -72 + 82.
-43
Evaluate 1 - 10 - ((5 - (3 - -1)) + -50).
4